the hundreds digit of 98192/24*3 + -7?
2
Let z(n) = -14*n + 331. Let f be z(21). Suppose 4*x - 60 = 6*x. Let g = x + f. What is the units digit of g?
7
Suppose -37477 - 24333 = -10*l. What is the thousands digit of l?
6
Suppose 0 = -91*z - 495391 + 682803 + 585997. What is the tens digit of z?
9
Let u(h) = -2*h**3 - 11*h**2 + 5*h - 5. Let j be u(-6). What is the hundreds digit of 852*(j + (-3)/4)?
2
Let f(x) = x + 2*x - 8 + 3. Let a be f(3). Let r = 23 - a. What is the tens digit of r?
1
Suppose 0 = -a - 0*a - 1052. Let j be a/(-8) + ((-30)/(-4))/(-5). Suppose -4*f - j = -6*f. What is the units digit of f?
5
Let m(k) = 326*k - 1317. What is the hundreds digit of m(21)?
5
Let t(n) = -5*n**3 - 37*n**2 + 100*n + 91. What is the tens digit of t(-18)?
6
Let v(o) = 5*o**3 + 3*o**2 - 2*o + 5. Let a(f) = 4*f**3 + 2*f**2 - 2*f + 6. Let u(c) = -3*a(c) + 4*v(c). What is the units digit of u(3)?
6
Let b(p) = p**2 - 16*p + 37. Let n be b(13). What is the tens digit of (n - 9156/(-15)) + (-12)/30?
0
Let n be 45/(0 - (-6 - -5)). What is the tens digit of (n/30)/((-3)/(-620))?
1
Suppose 12555 = -60*i + 63*i. What is the thousands digit of i?
4
Let r(y) be the first derivative of 2*y**3/3 - y**2/2 + 237*y - 12. Let p be r(0). Suppose 34*f - p = 33*f. What is the units digit of f?
7
Suppose -3*z = 7 - 16. Suppose -5*v + 1179 = z*d, d = -0*v + v + 385. What is the tens digit of d?
8
Let y be 29755/(-22) + (-10)/(-4). Let g = y + 2727. What is the thousands digit of g?
1
Suppose 165*y - 757791 - 2329906 = 709943. What is the hundreds digit of y?
0
Let d(s) = 8*s**2 - 12*s + 18. Let p be d(-10). Suppose -7*v - 175 = -p. What is the units digit of v?
9
Let j(t) = -31*t + 44. Suppose -9 + 3 = z. Let q be j(z). Let h = q + -125. What is the units digit of h?
5
Let v(x) = -42*x + 19. Let y be v(-3). Let l = 172 - y. What is the tens digit of l?
2
What is the units digit of 1337*2096/224 + 1/(4/10)?
3
Let f(x) = 34*x + 5. Let p(o) = -o**2 + 17*o - 43. Let y be p(14). Let n be f(y). Let w = 91 + n. What is the tens digit of w?
6
Let r = -3171 + 29256. What is the tens digit of r?
8
Let l = -6164 - -11758. What is the units digit of l?
4
Let u be (-1 - 355*-19)*1. Suppose 11*l + 2267 - u = 0. What is the tens digit of l?
0
Let z(b) = 3*b + 43. Suppose 3*u + 6 = 0, 4*j = u + 13 + 9. Suppose -2*y = -3*x + 17, -j*y - 14 = -3*x + 6. What is the units digit of z(x)?
8
Let k = 212 - 210. Suppose 0 = k*y - 635 - 379. What is the units digit of y?
7
Let b = -45 - -48. What is the units digit of (b - 4 - -2) + (-168)/(-3)?
7
Let v(t) = 5015*t**2 - 79*t - 4. What is the units digit of v(2)?
8
What is the tens digit of (-26251)/(-2) - (-10 - 209/(-22))?
2
Suppose 0 = -4*t - 39 + 55. Suppose 32 - t = 7*r. Suppose -3*l + 145 = -5*a, 4*l - l + r*a = 181. What is the tens digit of l?
5
Let y(q) = q**3 + q + 17. Let x be y(-8). Let h = x - -811. What is the hundreds digit of h?
3
Suppose 4*b - 5*o = 868, 3*b - 7*b - 4*o + 832 = 0. What is the hundreds digit of b?
2
Suppose -7*x + 270 = 11*x. Suppose 4848 = x*i - 3*i. What is the hundreds digit of i?
4
Let h = -89 - -92. Suppose -h*o - p + 1614 = -2*o, -4*o + 5*p = -6420. Suppose -o = -5*r - 2*r. What is the tens digit of r?
3
Let p(l) be the second derivative of l**5/20 - 7*l**4/4 + l**3/6 - 21*l**2/2 + 5*l. Let j be p(21). What is the tens digit of (-1 + j)/(4/(-284))?
7
Let r(i) = 32*i**3 + 8*i**2 + 17*i - 98. What is the units digit of r(6)?
4
Suppose 3*q - 2*q - 5 = 0. Suppose 0 = -5*p - 5*y - 10, -p + 2*y = 1 - q. Suppose 2*x + 18 = 4*i, p*i - x = -3*i + 11. What is the units digit of i?
2
Let b be (-26)/(2*(1 - 2)). Let m(l) = 1 - 71*l - b - 48*l + 44*l. What is the units digit of m(-3)?
3
Let n(c) = 12699*c - 2746. What is the ten thousands digit of n(3)?
3
Let k be 10/4*(-112)/(-35). Suppose 5*y = -2*h - 2 - k, -5*h - 25 = -2*y. Suppose 3*u = 4*v - 319, y*u - 2*u - 160 = -2*v. What is the units digit of v?
9
Let i(a) = 6*a - 28. Let m be i(-13). Let b = m - -201. What is the tens digit of b/(-38)*(876/(-10) + 2)?
1
Suppose -155*n = -25*n + 270939 - 7765049. What is the ten thousands digit of n?
5
Suppose -3*a + 5*z = -58191, -20*a - 11*z + 387831 = -8*z. What is the tens digit of a?
9
Let z(w) = 5*w**3 - 107*w**2 + 2*w - 88. What is the tens digit of z(23)?
9
Let d(t) = 75*t - 84*t - 3 + 1 - 2. What is the units digit of d(-22)?
4
Suppose 4*j - 2*j = 148. Suppose 0 = -3*w + 9, -2*d - 5*w - j = -d. What is the tens digit of (-6 - d) + -1 + 2?
8
Let f = -959 + 1747. Let m = 1161 - f. What is the tens digit of m?
7
Let u(o) = -42*o + 54. Let t be u(1). Suppose 19320 = 36*j - t*j. What is the units digit of j?
5
Let w be (7/7)/(1/5). Let t = 160 - 135. What is the tens digit of 760/t + 3/w?
3
Let q = 87 - 80. Suppose -2282 = -q*l + 224. What is the tens digit of l?
5
Suppose -8*i + 17*i - 4900 = 2741. What is the hundreds digit of i?
8
Suppose 48*g - 108 = 42*g. Let u(i) = 21*i + 119. What is the tens digit of u(g)?
9
Suppose 4*x + 4282 = 5*u, -x = 3*u + 797 + 265. Let f = -564 - x. What is the tens digit of f?
0
Let l = 234 - 232. Suppose -l*s = -1530 + 352. What is the tens digit of s?
8
Let p be (-2)/(-6) - (-156)/18. Suppose s - p + 11 = 0. What is the tens digit of (-29)/s + (-42)/(-28)?
1
Let t(m) be the second derivative of -m**3/2 + 32*m**2 + 32*m. What is the tens digit of t(-27)?
4
Let c = 4954 + 1084. Suppose -15 = -3*y + 6*y, -2*y + c = 4*u. What is the units digit of u?
2
Let n = -4437 + 7462. What is the units digit of n?
5
Suppose 15 = 3*c - 2*g + 23, 2*c + 8 = 2*g. Suppose c = -9*u + 583 + 533. What is the units digit of u?
4
Let x(l) = l**2 + 5. Let v be x(-3). Suppose -3*g = -f + v, 2 = -4*f - g + 6. Suppose f*p - 90 = -y + 18, -y + 4*p = -114. What is the units digit of y?
0
Let k(s) = 1794*s**2 + 77*s + 172. What is the units digit of k(-2)?
4
Let h be 266/((-6)/(-75)*5). Let z = 1150 - h. What is the tens digit of z?
8
Let d(q) = 43*q**2 - 6*q + 6. Let h be d(-3). What is the units digit of h + 10*18/30?
7
Let j(p) = -26*p**3 - 5*p**2 + 15*p - 14. What is the ten thousands digit of j(-12)?
4
Let j(f) = 30*f**3 - 10*f**2 + 6*f + 4. What is the ten thousands digit of j(9)?
2
Let u = -75 - -78. Let v be u - ((-1 - -4) + 249). Let p = v + 427. What is the hundreds digit of p?
1
Suppose -2*u + 5*t - 4 = 6*t, -4*u = 4*t + 16. Let q be 1 + 2/2 + 2. What is the units digit of q - (-92 - 1 - u)?
7
Let m = -11002 + 41356. What is the ten thousands digit of m?
3
Let m be 1578/8 + (-35)/140. Let j = m - 122. Suppose 7*u = -j + 544. What is the units digit of u?
7
Let q(m) = 48*m + 5. Let c be q(5). Suppose -2*g + 3*i + 360 = -i, 3*i + 865 = 5*g. Let s = c - g. What is the tens digit of s?
7
Let v(q) = 7 - 30 - 8*q**2 - q**3 - 14 - 15*q - 5*q**2. What is the hundreds digit of v(-14)?
3
Let y = -200 - 90. Let z = y - -889. What is the units digit of z?
9
Let r(c) = 5*c**2 + 4*c + 4. Let a be r(-1). Let t(s) = -5*s + 28. Let d be t(a). Let y(f) = 4*f**2 - 3*f + 3. What is the tens digit of y(d)?
3
Suppose 0 = 32*i - i - 61814. What is the thousands digit of i?
1
Suppose -x + 4*n + 1066 = 0, -65*x = -66*x - 4*n + 1114. What is the hundreds digit of x?
0
Suppose -8 = 4*a, -t - 28*a + 26*a - 1 = 0. Suppose 7*r - 748 = t*r. What is the hundreds digit of r?
1
Suppose -66*z + 354268 = -297605 - 1174083. What is the tens digit of z?
6
Suppose 0 = -10*i + 24*i - 56. Suppose i = -y, 157 + 136 = b - y. What is the tens digit of b?
8
Let s be ((-8)/14)/(32/(-112)). Let w be -5*(3 - s)/(3/(-36)). What is the units digit of ((-7)/(-2))/(2/w)?
5
Let f(z) = -z**2 - 2*z + 804. Let s be f(0). Suppose 8*i - 1124 = s. What is the units digit of i?
1
Let s(f) = 49*f**2 + 14*f + 1030. What is the units digit of s(-18)?
4
Suppose -4*v + 22*s = 17*s + 60, -64 = 4*v - 4*s. What is the tens digit of (26550/v)/((-9)/12)?
7
Let a = -23 + -57. Let n = a - -134. What is the tens digit of n?
5
Suppose 0 = 7*b - 0 + 7. What is the units digit of b/4*-2 + 7025/50?
1
Let b = 1265 - 637. Let u = b - -208. What is the tens digit of u?
3
Let a(z) = -z**2 - 5*z + 35. Let c be a(11). Let h = -53 - c. Let w = h + 55. What is the units digit of w?
3
Suppose 10438 = r - 3*n + 1932, -r + 4*n = -8510. What is the thousands digit of r?
8
Let m = 483 - 503. Suppose 